{"id":1531,"date":"2024-07-19T07:16:26","date_gmt":"2024-07-19T13:16:26","guid":{"rendered":"https:\/\/idiomasisol.com\/?page_id=1531"},"modified":"2024-07-19T07:17:36","modified_gmt":"2024-07-19T13:17:36","slug":"frances-2","status":"publish","type":"page","link":"https:\/\/idiomasisol.com\/index.php\/frances-2\/","title":{"rendered":"Frances"},"content":{"rendered":"\t\t<div data-elementor-type=\"wp-page\" data-elementor-id=\"1531\" class=\"elementor elementor-1531\">\n\t\t\t\t\t\t\t\t\t<section class=\"elementor-section elementor-top-section elementor-element elementor-element-bvs4qgd elementor-section-full_width elementor-section-height-default elementor-section-height-default\" data-id=\"bvs4qgd\" data-element_type=\"section\" data-settings=\"{&quot;background_background&quot;:&quot;classic&quot;}\">\n\t\t\t\t\t\t<div class=\"elementor-container elementor-column-gap-no\">\n\t\t\t\t\t<div class=\"elementor-column elementor-col-100 elementor-top-column elementor-element elementor-element-5ffd739\" data-id=\"5ffd739\" data-element_type=\"column\">\n\t\t\t<div class=\"elementor-widget-wrap elementor-element-populated\">\n\t\t\t\t\t\t\t\t<div class=\"elementor-element elementor-element-db39ed2 elementor-widget elementor-widget-image\" data-id=\"db39ed2\" data-element_type=\"widget\" data-widget_type=\"image.default\">\n\t\t\t\t<div class=\"elementor-widget-container\">\n\t\t\t<style>\/*! elementor - v3.15.0 - 09-08-2023 *\/\n.elementor-widget-image{text-align:center}.elementor-widget-image a{display:inline-block}.elementor-widget-image a img[src$=\".svg\"]{width:48px}.elementor-widget-image img{vertical-align:middle;display:inline-block}<\/style>\t\t\t\t\t\t\t\t\t\t\t\t<img decoding=\"async\" src=\"https:\/\/idiomasisol.com\/wp-content\/uploads\/elementor\/thumbs\/pexels-jarod-4859658-scaled-qrcaksoxhntevyx7hlo6r9h9tphc2wtsxbxjdx7mo8.jpg\" title=\"pexels-jarod-4859658\" alt=\"pexels-jarod-4859658\" loading=\"lazy\" \/>\t\t\t\t\t\t\t\t\t\t\t\t\t\t\t<\/div>\n\t\t\t\t<\/div>\n\t\t\t\t<section class=\"elementor-section elementor-inner-section elementor-element elementor-element-e07b74c elementor-section-boxed elementor-section-height-default elementor-section-height-default\" data-id=\"e07b74c\" data-element_type=\"section\">\n\t\t\t\t\t\t<div class=\"elementor-container elementor-column-gap-no\">\n\t\t\t\t\t<div class=\"elementor-column elementor-col-100 elementor-inner-column elementor-element elementor-element-88038bb\" data-id=\"88038bb\" data-element_type=\"column\">\n\t\t\t<div class=\"elementor-widget-wrap elementor-element-populated\">\n\t\t\t\t\t\t\t\t<div class=\"elementor-element elementor-element-680a029 elementor-widget elementor-widget-heading\" data-id=\"680a029\" data-element_type=\"widget\" data-widget_type=\"heading.default\">\n\t\t\t\t<div class=\"elementor-widget-container\">\n\t\t\t<style>\/*! elementor - v3.15.0 - 09-08-2023 *\/\n.elementor-heading-title{padding:0;margin:0;line-height:1}.elementor-widget-heading .elementor-heading-title[class*=elementor-size-]>a{color:inherit;font-size:inherit;line-height:inherit}.elementor-widget-heading .elementor-heading-title.elementor-size-small{font-size:15px}.elementor-widget-heading .elementor-heading-title.elementor-size-medium{font-size:19px}.elementor-widget-heading .elementor-heading-title.elementor-size-large{font-size:29px}.elementor-widget-heading .elementor-heading-title.elementor-size-xl{font-size:39px}.elementor-widget-heading .elementor-heading-title.elementor-size-xxl{font-size:59px}<\/style><h2 class=\"elementor-heading-title elementor-size-default\">FRANC\u00c9S<\/h2>\t\t<\/div>\n\t\t\t\t<\/div>\n\t\t\t\t\t<\/div>\n\t\t<\/div>\n\t\t\t\t\t\t\t<\/div>\n\t\t<\/section>\n\t\t\t\t<div class=\"elementor-element elementor-element-19b33fd elementor-widget elementor-widget-text-editor\" data-id=\"19b33fd\" data-element_type=\"widget\" data-widget_type=\"text-editor.default\">\n\t\t\t\t<div class=\"elementor-widget-container\">\n\t\t\t<style>\/*! elementor - v3.15.0 - 09-08-2023 *\/\n.elementor-widget-text-editor.elementor-drop-cap-view-stacked .elementor-drop-cap{background-color:#69727d;color:#fff}.elementor-widget-text-editor.elementor-drop-cap-view-framed .elementor-drop-cap{color:#69727d;border:3px solid;background-color:transparent}.elementor-widget-text-editor:not(.elementor-drop-cap-view-default) .elementor-drop-cap{margin-top:8px}.elementor-widget-text-editor:not(.elementor-drop-cap-view-default) .elementor-drop-cap-letter{width:1em;height:1em}.elementor-widget-text-editor .elementor-drop-cap{float:left;text-align:center;line-height:1;font-size:50px}.elementor-widget-text-editor .elementor-drop-cap-letter{display:inline-block}<\/style>\t\t\t\t<p>El franc\u00e9s es uno de los idiomas m\u00e1s importantes en las \u00e1reas de comunicaciones y relaciones internacionales en todo el mundo &#8211; para las Naciones Unidas, UNESCO, el Comit\u00e9 Ol\u00edmpico y la FIFA, entre muchas otras instituciones, el franc\u00e9s es central &#8211; y es adem\u00e1s el segundo idioma con m\u00e1s estudiantes despu\u00e9s del ingl\u00e9s.<br \/>Se estima que para el a\u00f1o 2050 habr\u00e1 m\u00e1s de 700 millones de franc\u00e9s en el mundo. Para esa fecha, podr\u00eda incluso superar al chino mandar\u00edn y al ingl\u00e9s como el idioma m\u00e1s hablado en el mundo.<\/p><p>\u00a0<\/p><h3>\u00a1Viaja a Francia o Canad\u00e1 y vive al m\u00e1ximo la experiencia de aprender este idioma!<\/h3><p>\u00a0<\/p><p>\u00a1Vive al m\u00e1ximo la experiencia de aprender franc\u00e9s y estudia en ciudades como Paris, Quebec o Toronto! T\u00fa eliges tu destino, y tu programa de estudio, as\u00ed como el n\u00famero de semanas y mes en el que quieres viajar. Pregunta por nuestros pr\u00f3ximos viajes.<\/p><p>\u00a0<\/p><h4>\u00a1Estudia franc\u00e9s en tu ciudad favorita!<\/h4><h4><strong>Programas desde 2 semanas hasta 6 meses.<\/strong><\/h4><ul><li><strong> Clases de franc\u00e9s<\/strong><\/li><li><strong> Vuelos redondos<\/strong><\/li><li><strong> Alojamiento<\/strong><\/li><li><strong> 2 comidas al d\u00eda<\/strong><\/li><li><strong> Actividades de recreaci\u00f3n<\/strong><\/li><li><strong> Seguro B\u00e1sico<\/strong><\/li><\/ul>\t\t\t\t\t\t<\/div>\n\t\t\t\t<\/div>\n\t\t\t\t<div class=\"elementor-element elementor-element-2dafe23 elementor-widget elementor-widget-button\" data-id=\"2dafe23\" data-element_type=\"widget\" data-widget_type=\"button.default\">\n\t\t\t\t<div class=\"elementor-widget-container\">\n\t\t\t\t\t<div class=\"elementor-button-wrapper\">\n\t\t\t<a class=\"elementor-button elementor-button-link elementor-size-sm\" href=\"#\">\n\t\t\t\t\t\t<span class=\"elementor-button-content-wrapper\">\n\t\t\t\t\t\t<span class=\"elementor-button-text\">Ver video<\/span>\n\t\t<\/span>\n\t\t\t\t\t<\/a>\n\t\t<\/div>\n\t\t\t\t<\/div>\n\t\t\t\t<\/div>\n\t\t\t\t\t<\/div>\n\t\t<\/div>\n\t\t\t\t\t\t\t<\/div>\n\t\t<\/section>\n\t\t\t\t\t\t\t<\/div>\n\t\t","protected":false},"excerpt":{"rendered":"<p>FRANC\u00c9S El franc\u00e9s es uno de los idiomas m\u00e1s importantes en las \u00e1reas de comunicaciones y relaciones internacionales en todo el mundo &#8211; para las Naciones Unidas, UNESCO, el Comit\u00e9 Ol\u00edmpico y la FIFA, entre muchas otras instituciones, el franc\u00e9s es central &#8211; y es adem\u00e1s el segundo idioma con m\u00e1s estudiantes despu\u00e9s del ingl\u00e9s.Se &hellip;<\/p>\n<p class=\"read-more\"> <a class=\"\" href=\"https:\/\/idiomasisol.com\/index.php\/frances-2\/\"> <span class=\"screen-reader-text\">Frances<\/span> Leer m\u00e1s &raquo;<\/a><\/p>\n","protected":false},"author":1,"featured_media":0,"parent":0,"menu_order":0,"comment_status":"closed","ping_status":"closed","template":"","meta":{"site-sidebar-layout":"no-sidebar","site-content-layout":"page-builder","ast-global-header-display":"","ast-banner-title-visibility":"","ast-main-header-display":"","ast-hfb-above-header-display":"","ast-hfb-below-header-display":"","ast-hfb-mobile-header-display":"","site-post-title":"disabled","ast-breadcrumbs-content":"","ast-featured-img":"disabled","footer-sml-layout":"","theme-transparent-header-meta":"","adv-header-id-meta":"","stick-header-meta":"","header-above-stick-meta":"","header-main-stick-meta":"","header-below-stick-meta":"","_joinchat":[],"footnotes":""},"class_list":["post-1531","page","type-page","status-publish","hentry"],"_links":{"self":[{"href":"https:\/\/idiomasisol.com\/index.php\/wp-json\/wp\/v2\/pages\/1531","targetHints":{"allow":["GET"]}}],"collection":[{"href":"https:\/\/idiomasisol.com\/index.php\/wp-json\/wp\/v2\/pages"}],"about":[{"href":"https:\/\/idiomasisol.com\/index.php\/wp-json\/wp\/v2\/types\/page"}],"author":[{"embeddable":true,"href":"https:\/\/idiomasisol.com\/index.php\/wp-json\/wp\/v2\/users\/1"}],"replies":[{"embeddable":true,"href":"https:\/\/idiomasisol.com\/index.php\/wp-json\/wp\/v2\/comments?post=1531"}],"version-history":[{"count":4,"href":"https:\/\/idiomasisol.com\/index.php\/wp-json\/wp\/v2\/pages\/1531\/revisions"}],"predecessor-version":[{"id":1538,"href":"https:\/\/idiomasisol.com\/index.php\/wp-json\/wp\/v2\/pages\/1531\/revisions\/1538"}],"wp:attachment":[{"href":"https:\/\/idiomasisol.com\/index.php\/wp-json\/wp\/v2\/media?parent=1531"}],"curies":[{"name":"wp","href":"https:\/\/api.w.org\/{rel}","templated":true}]}}