{"id":1470,"date":"2024-07-18T04:35:07","date_gmt":"2024-07-18T10:35:07","guid":{"rendered":"https:\/\/idiomasisol.com\/?page_id=1470"},"modified":"2024-08-12T20:11:00","modified_gmt":"2024-08-13T02:11:00","slug":"italiano","status":"publish","type":"page","link":"https:\/\/idiomasisol.com\/index.php\/italiano\/","title":{"rendered":"Italiano"},"content":{"rendered":"\t\t<div data-elementor-type=\"wp-page\" data-elementor-id=\"1470\" class=\"elementor elementor-1470\">\n\t\t\t\t\t\t\t\t\t<section class=\"elementor-section elementor-top-section elementor-element elementor-element-jlpqgka elementor-section-full_width elementor-section-height-default elementor-section-height-default\" data-id=\"jlpqgka\" data-element_type=\"section\" data-settings=\"{&quot;background_background&quot;:&quot;classic&quot;}\">\n\t\t\t\t\t\t<div class=\"elementor-container elementor-column-gap-no\">\n\t\t\t\t\t<div class=\"elementor-column elementor-col-100 elementor-top-column elementor-element elementor-element-5ffd739\" data-id=\"5ffd739\" data-element_type=\"column\">\n\t\t\t<div class=\"elementor-widget-wrap elementor-element-populated\">\n\t\t\t\t\t\t\t\t<div class=\"elementor-element elementor-element-db39ed2 elementor-widget elementor-widget-image\" data-id=\"db39ed2\" data-element_type=\"widget\" data-widget_type=\"image.default\">\n\t\t\t\t<div class=\"elementor-widget-container\">\n\t\t\t<style>\/*! elementor - v3.15.0 - 09-08-2023 *\/\n.elementor-widget-image{text-align:center}.elementor-widget-image a{display:inline-block}.elementor-widget-image a img[src$=\".svg\"]{width:48px}.elementor-widget-image img{vertical-align:middle;display:inline-block}<\/style>\t\t\t\t\t\t\t\t\t\t\t\t<img decoding=\"async\" src=\"https:\/\/idiomasisol.com\/wp-content\/uploads\/elementor\/thumbs\/pexels-julius-silver-240301-753639-qrcc0xsmlt70x96m0n25klss46hc2gtrreq6rhwfig.jpg\" title=\"pexels-julius-silver-240301-753639\" alt=\"pexels-julius-silver-240301-753639\" loading=\"lazy\" \/>\t\t\t\t\t\t\t\t\t\t\t\t\t\t\t<\/div>\n\t\t\t\t<\/div>\n\t\t\t\t<section class=\"elementor-section elementor-inner-section elementor-element elementor-element-e07b74c elementor-section-boxed elementor-section-height-default elementor-section-height-default\" data-id=\"e07b74c\" data-element_type=\"section\">\n\t\t\t\t\t\t<div class=\"elementor-container elementor-column-gap-no\">\n\t\t\t\t\t<div class=\"elementor-column elementor-col-100 elementor-inner-column elementor-element elementor-element-2e93442\" data-id=\"2e93442\" data-element_type=\"column\">\n\t\t\t<div class=\"elementor-widget-wrap elementor-element-populated\">\n\t\t\t\t\t\t\t\t<div class=\"elementor-element elementor-element-d5dc303 elementor-widget elementor-widget-heading\" data-id=\"d5dc303\" data-element_type=\"widget\" data-widget_type=\"heading.default\">\n\t\t\t\t<div class=\"elementor-widget-container\">\n\t\t\t<style>\/*! elementor - v3.15.0 - 09-08-2023 *\/\n.elementor-heading-title{padding:0;margin:0;line-height:1}.elementor-widget-heading .elementor-heading-title[class*=elementor-size-]>a{color:inherit;font-size:inherit;line-height:inherit}.elementor-widget-heading .elementor-heading-title.elementor-size-small{font-size:15px}.elementor-widget-heading .elementor-heading-title.elementor-size-medium{font-size:19px}.elementor-widget-heading .elementor-heading-title.elementor-size-large{font-size:29px}.elementor-widget-heading .elementor-heading-title.elementor-size-xl{font-size:39px}.elementor-widget-heading .elementor-heading-title.elementor-size-xxl{font-size:59px}<\/style><h1 class=\"elementor-heading-title elementor-size-xl\">ITALIANO<\/h1>\t\t<\/div>\n\t\t\t\t<\/div>\n\t\t\t\t\t<\/div>\n\t\t<\/div>\n\t\t\t\t\t\t\t<\/div>\n\t\t<\/section>\n\t\t\t\t\t<\/div>\n\t\t<\/div>\n\t\t\t\t\t\t\t<\/div>\n\t\t<\/section>\n\t\t\t\t<section class=\"elementor-section elementor-top-section elementor-element elementor-element-5p7ln1s elementor-section-content-middle elementor-section-boxed elementor-section-height-default elementor-section-height-default\" data-id=\"5p7ln1s\" data-element_type=\"section\" data-settings=\"{&quot;background_background&quot;:&quot;classic&quot;}\">\n\t\t\t\t\t\t\t<div class=\"elementor-background-overlay\"><\/div>\n\t\t\t\t\t\t\t<div class=\"elementor-container elementor-column-gap-no\">\n\t\t\t\t\t<div class=\"elementor-column elementor-col-50 elementor-top-column elementor-element elementor-element-9247ec0\" data-id=\"9247ec0\" data-element_type=\"column\">\n\t\t\t<div class=\"elementor-widget-wrap elementor-element-populated\">\n\t\t\t\t\t\t\t\t<div class=\"elementor-element elementor-element-f003f55 elementor-widget elementor-widget-heading\" data-id=\"f003f55\" data-element_type=\"widget\" data-widget_type=\"heading.default\">\n\t\t\t\t<div class=\"elementor-widget-container\">\n\t\t\t<h2 class=\"elementor-heading-title elementor-size-large\"><h3 style=\"margin-top: 0cm; line-height: normal; background-image: initial; background-position: initial; background-size: initial; background-repeat: initial; background-attachment: initial; background-origin: initial; background-clip: initial;\"><b><span style=\"font-family:&quot;Calibri&quot;,sans-serif;\ncolor:#03296D;mso-ansi-language:ES-MX\">\u00bfPor qu\u00e9 estudiar italiano?<\/span><\/b><\/h3><\/h2>\t\t<\/div>\n\t\t\t\t<\/div>\n\t\t\t\t<div class=\"elementor-element elementor-element-aba5f59 elementor-widget elementor-widget-text-editor\" data-id=\"aba5f59\" data-element_type=\"widget\" data-widget_type=\"text-editor.default\">\n\t\t\t\t<div class=\"elementor-widget-container\">\n\t\t\t<style>\/*! elementor - v3.15.0 - 09-08-2023 *\/\n.elementor-widget-text-editor.elementor-drop-cap-view-stacked .elementor-drop-cap{background-color:#69727d;color:#fff}.elementor-widget-text-editor.elementor-drop-cap-view-framed .elementor-drop-cap{color:#69727d;border:3px solid;background-color:transparent}.elementor-widget-text-editor:not(.elementor-drop-cap-view-default) .elementor-drop-cap{margin-top:8px}.elementor-widget-text-editor:not(.elementor-drop-cap-view-default) .elementor-drop-cap-letter{width:1em;height:1em}.elementor-widget-text-editor .elementor-drop-cap{float:left;text-align:center;line-height:1;font-size:50px}.elementor-widget-text-editor .elementor-drop-cap-letter{display:inline-block}<\/style>\t\t\t\t<h6>El italiano es un idioma que est\u00e1 tomando cada vez m\u00e1s fuerza y cada vez son m\u00e1s las personas que deciden estudiarlo. \u00a1De hecho es ya el 4 idioma m\u00e1s estudiado en el mundo!<br \/>Como es ya sabido, Italia es uno de los pa\u00edses m\u00e1s bellos y con m\u00e1s riqueza hist\u00f3rica del mundo. \u00a1Efectivamente es el pa\u00eds con m\u00e1s sitios declarados Patrimonio Mundial de la UNESCO!<br \/>Son muchos los motivos por los que merece la pena aprender italiano. Por ello queremos darte estas razones de peso para que conozcas c\u00f3mo es este idioma y te atrevas a aprenderlo.<\/h6><p>\u00a0<\/p><h3><strong>Nuestro programa de italiano<\/strong><\/h3><p>Nuestros cursos de italiano, est\u00e1n dirigidos a ni\u00f1os, adolescentes y adultos, es por ello que la metodolog\u00eda est\u00e1 dise\u00f1ada especialmente para ti.<br \/>Cont\u00e1ctanos para mayor informaci\u00f3n sobre las fechas de inicio de este curso.<\/p><p>\u00a0<\/p><h3><strong>\u00a1Viaja a Italia y vive al m\u00e1ximo la experiencia de aprender este idioma!<\/strong><\/h3><p>\u00a0<\/p><p>Y para vivir al m\u00e1ximo la experiencia de aprender italiano, realizamos viajes a Italia de dos y cuatro semanas, en diferentes meses del a\u00f1o, este viaje de estudios y vacaciones te permitir\u00e1 sumergirte al 100% en la cultura italiana, hacer nuevos amigos de diferentes partes del mundo, y realizar m\u00e1s de 20 excursiones por las ciudades m\u00e1s bellas de Italia como Roma, Florencia, Pisa, Vaticano, Verona, entre otras. \u00a1No lo pienses m\u00e1s y separa tu viaje! \u00a1Pregunta por nuestras pr\u00f3ximas fechas de viaje!<\/p>\t\t\t\t\t\t<\/div>\n\t\t\t\t<\/div>\n\t\t\t\t\t<\/div>\n\t\t<\/div>\n\t\t\t\t<div class=\"elementor-column elementor-col-50 elementor-top-column elementor-element elementor-element-3bcc9c8\" data-id=\"3bcc9c8\" data-element_type=\"column\">\n\t\t\t<div class=\"elementor-widget-wrap elementor-element-populated\">\n\t\t\t\t\t\t\t\t<div class=\"elementor-element elementor-element-d2d69e7 elementor-widget elementor-widget-image\" data-id=\"d2d69e7\" data-element_type=\"widget\" data-widget_type=\"image.default\">\n\t\t\t\t<div class=\"elementor-widget-container\">\n\t\t\t\t\t\t\t\t\t\t\t\t\t\t\t<img loading=\"lazy\" decoding=\"async\" width=\"1920\" height=\"2560\" src=\"https:\/\/idiomasisol.com\/wp-content\/uploads\/2024\/08\/pexels-mark-neal-201020-2225439-scaled.jpg\" class=\"attachment-full size-full wp-image-1708\" alt=\"\" srcset=\"https:\/\/idiomasisol.com\/wp-content\/uploads\/2024\/08\/pexels-mark-neal-201020-2225439-scaled.jpg 1920w, https:\/\/idiomasisol.com\/wp-content\/uploads\/2024\/08\/pexels-mark-neal-201020-2225439-225x300.jpg 225w, https:\/\/idiomasisol.com\/wp-content\/uploads\/2024\/08\/pexels-mark-neal-201020-2225439-768x1024.jpg 768w, https:\/\/idiomasisol.com\/wp-content\/uploads\/2024\/08\/pexels-mark-neal-201020-2225439-1152x1536.jpg 1152w, https:\/\/idiomasisol.com\/wp-content\/uploads\/2024\/08\/pexels-mark-neal-201020-2225439-1536x2048.jpg 1536w\" sizes=\"auto, (max-width: 1920px) 100vw, 1920px\" \/>\t\t\t\t\t\t\t\t\t\t\t\t\t\t\t<\/div>\n\t\t\t\t<\/div>\n\t\t\t\t\t<\/div>\n\t\t<\/div>\n\t\t\t\t\t\t\t<\/div>\n\t\t<\/section>\n\t\t\t\t\t\t\t<\/div>\n\t\t","protected":false},"excerpt":{"rendered":"<p>ITALIANO \u00bfPor qu\u00e9 estudiar italiano? El italiano es un idioma que est\u00e1 tomando cada vez m\u00e1s fuerza y cada vez son m\u00e1s las personas que deciden estudiarlo. \u00a1De hecho es ya el 4 idioma m\u00e1s estudiado en el mundo!Como es ya sabido, Italia es uno de los pa\u00edses m\u00e1s bellos y con m\u00e1s riqueza hist\u00f3rica &hellip;<\/p>\n<p class=\"read-more\"> <a class=\"\" href=\"https:\/\/idiomasisol.com\/index.php\/italiano\/\"> <span class=\"screen-reader-text\">Italiano<\/span> Leer m\u00e1s &raquo;<\/a><\/p>\n","protected":false},"author":1,"featured_media":0,"parent":0,"menu_order":0,"comment_status":"closed","ping_status":"closed","template":"","meta":{"site-sidebar-layout":"no-sidebar","site-content-layout":"page-builder","ast-global-header-display":"","ast-banner-title-visibility":"","ast-main-header-display":"","ast-hfb-above-header-display":"","ast-hfb-below-header-display":"","ast-hfb-mobile-header-display":"","site-post-title":"disabled","ast-breadcrumbs-content":"","ast-featured-img":"disabled","footer-sml-layout":"","theme-transparent-header-meta":"","adv-header-id-meta":"","stick-header-meta":"","header-above-stick-meta":"","header-main-stick-meta":"","header-below-stick-meta":"","_joinchat":[],"footnotes":""},"class_list":["post-1470","page","type-page","status-publish","hentry"],"_links":{"self":[{"href":"https:\/\/idiomasisol.com\/index.php\/wp-json\/wp\/v2\/pages\/1470","targetHints":{"allow":["GET"]}}],"collection":[{"href":"https:\/\/idiomasisol.com\/index.php\/wp-json\/wp\/v2\/pages"}],"about":[{"href":"https:\/\/idiomasisol.com\/index.php\/wp-json\/wp\/v2\/types\/page"}],"author":[{"embeddable":true,"href":"https:\/\/idiomasisol.com\/index.php\/wp-json\/wp\/v2\/users\/1"}],"replies":[{"embeddable":true,"href":"https:\/\/idiomasisol.com\/index.php\/wp-json\/wp\/v2\/comments?post=1470"}],"version-history":[{"count":13,"href":"https:\/\/idiomasisol.com\/index.php\/wp-json\/wp\/v2\/pages\/1470\/revisions"}],"predecessor-version":[{"id":1711,"href":"https:\/\/idiomasisol.com\/index.php\/wp-json\/wp\/v2\/pages\/1470\/revisions\/1711"}],"wp:attachment":[{"href":"https:\/\/idiomasisol.com\/index.php\/wp-json\/wp\/v2\/media?parent=1470"}],"curies":[{"name":"wp","href":"https:\/\/api.w.org\/{rel}","templated":true}]}}